d k.
15
Suppose 0 = -4*b - 4*v + 120, 4 = -v - 1. What is the greatest common factor of b and 315?
35
Let i be 1/3 + 480/45. Calculate the highest common divisor of 77 and i.
11
Let w be (-1628)/(-12) + (-8)/12. Calculate the greatest common divisor of 27 and w.
27
Suppose k - 41 = 4*z + 26, 5*z + 5 = 0. What is the highest common factor of 21 and k?
21
Suppose 2 = -l, -58 = -6*r + r - l. Calculate the highest common factor of 96 and r.
12
Suppose m - 43 = 62. What is the highest common divisor of m and 21?
21
Let k(a) = -a**3 - 7*a**2 - 8*a. Let n be k(-7). What is the highest common factor of 84 and n?
28
Let m = -5 - -6. Let o = m + 0. Let b be 2/((-1)/o) + 13. Calculate the greatest common factor of 33 and b.
11
Suppose 0 = 10*f - 144 + 44. Calculate the greatest common factor of 30 and f.
10
Let o = 106 - 86. What is the greatest common factor of 30 and o?
10
Let v = -1 + 3. Let h be 1/v*0 - -2. Suppose -24 = -2*w + h*z, 0 = 2*w + 4*z + 6. Calculate the greatest common divisor of 7 and w.
7
Suppose 0 = -2*c + 5 + 3, 4*n + c - 264 = 0. What is the greatest common factor of n and 26?
13
Let s be (209 - 0 - 0) + -2. Suppose 3*f = 93 + s. Calculate the highest common factor of 20 and f.
20
Suppose 6 = n - 7. Let r(t) = t**3 + 13*t**2 + 12*t - 6. Let z be r(-11). Calculate the highest common factor of n and z.
13
Let l(s) = -s**3 + 17*s**2 - 22*s - 12. Let z be l(15). What is the highest common factor of 12 and z?
12
Let y = 11 + -1. Suppose p - y = 5*o + 5, 5*p - 4*o - 54 = 0. Let g = -23 - -63. Calculate the greatest common divisor of p and g.
10
Suppose -126 = -3*c + x - 4*x, 51 = c - 2*x. Calculate the greatest common divisor of 5 and c.
5
Let g = 6 + -3. Let c be 2/g - 358/(-3). Suppose 69*z = 64*z + 60. Calculate the highest common divisor of c and z.
12
Suppose -4*w = -0 + 8. Let p be 40/(-14)*7/w. What is the greatest common divisor of 5 and p?
5
Let t(y) = -y**2 - 11*y + 9. Let b be t(-9). What is the greatest common factor of b and 3?
3
Suppose r = 2*t + 6, 2*t - 26 + 8 = -5*r. Suppose -r*g = -2*g. Suppose -z - s + 76 = g, s + 84 = -z + 2*z. What is the greatest common factor of z and 16?
16
Let s be (-5 + 1)/(-3 - -2). Let l(d) = d**2 - 7*d - 10. Let n be l(9). What is the highest common factor of n and s?
4
Let f(x) = x**2 - 7*x - 9. Let j be f(8). Let w = j + 11. What is the highest common divisor of w and 90?
10
Let y(j) = -2*j + 3. Let a be y(-5). Suppose n - a = 6. Let x be 2/(2/1)*19. Calculate the highest common divisor of x and n.
19
Let q = -19 - -27. Let k = q + 6. Let i be 836/14 - (-4)/k. What is the highest common factor of i and 10?
10
Let w be (-1)/2 - (-25)/(-2). Let m = 24 + w. Let x(q) = q**3 + 6*q**2 - 9*q - 3. Let h be x(-7). What is the greatest common divisor of h and m?
11
Let q be 8/(-6)*252/(-12). Calculate the highest common factor of q and 70.
14
Let p be ((-2)/6)/(1/(-3)). Suppose -p + 7 = b. Suppose 5*a + 157 - 217 = 0. What is the highest common divisor of a and b?
6
Let p(h) = -h**2 - h. Let b = 5 + -5. Let u be p(b). Let t(d) = -d + 32. Let w be t(u). Calculate the greatest common factor of 80 and w.
16
Let i(w) = -w**3 + 5*w**2 + 10*w - 7. Let a be i(6). What is the greatest common divisor of a and 187?
17
Suppose j + 4*j - 10 = 0. Suppose -3*m + 261 = -j*m. Suppose 344 = 5*n - m. What is the greatest common divisor of 11 and n?
11
Let x be (-65)/3*(-1 - 2). Let g(c) = c**2 + c + 1. Let f be g(3). Calculate the greatest common factor of x and f.
13
Let a(w) = w**3 - 11*w**2 + 4*w - 10. Let d be a(7). Let h = d + 5. Let j be -1 + -1 - (h - 5). Calculate the highest common divisor of 16 and j.
16
Let x(s) = 15*s - 15. Let t be x(3). What is the highest common factor of t and 45?
15
Suppose -8 = -g + 3*g. Let j(m) = -m + 1. Let p be j(g). Suppose -p*a + 8*a = 42. What is the greatest common divisor of a and 56?
14
Suppose -2*a - a = -3*d - 93, 31 = a - 5*d. What is the greatest common divisor of 31 and a?
31
Let m be (-54)/10 - 4/(-10). Let l be (m + 2)*(3 - 4). Let j be (4*l - 1) + -1. Calculate the highest common factor of 2 and j.
2
Let l(m) = -m**3 + 4*m**2 - 3. Let d be l(3). Suppose 4*o = -w + d*w - 40, 10 = -2*o. Suppose 4 = -w*f + 24. What is the greatest common factor of 35 and f?
5
Suppose 6*h - 3*h - 84 = 0. Let o = h + -19. Let j be (-2)/(-7) + (-61)/(-7). Calculate the highest common factor of o and j.
9
Suppose -3*m - 2 = -35. Let j be (4/(-3))/(2/(-264)*2). What is the highest common divisor of j and m?
11
Let l be (-2)/(-2) + (-10)/(-2). Let b = 30 - -36. Calculate the highest common divisor of b and l.
6
Let o be -3 + (5 + 1 - -1). Suppose -5*m - 22 - 28 = 0. Let q be (-4)/m + 316/10. What is the highest common divisor of q and o?
4
Let v = 4 - 2. Let y be v/2 - 0/4. What is the highest common factor of 1 and y?
1
Suppose 3*m = 5*v - 114, -3*v = -v - 5*m - 57. Calculate the highest common divisor of 42 and v.
21
Let l = 88 - 3. Suppose 0 = -2*b + 3*s + 18 + 44, -2*b - 5*s = -78. What is the greatest common divisor of l and b?
17
Let p(b) = 3*b**2 + 4*b. Let n be p(4). Suppose 4*z - 2*d - 24 = 0, 0 = -4*z + z + 3*d + 12. What is the greatest common factor of z and n?
8
Let q = 69 - 49. Calculate the highest common factor of q and 140.
20
Let t = -2 + 67. What is the greatest common factor of 26 and t?
13
Let k(w) = 3*w - 3. Let a be k(3). Calculate the highest common factor of 66 and a.
6
Let v be 3837/21 + 1 - (-4)/14. Calculate the highest common divisor of v and 23.
23
Let c(g) = -g**3 - 2*g**2 - 1. Let l be c(-3). Let b(z) = 88*z**2 + z + 1. Let k be b(-1). What is the highest common factor of k and l?
8
Let p be ((-5)/1)/10*-4. Let g be (-1 - 1) + (-10)/(-2). What is the highest common divisor of p and g?
1
Let o(r) = 2*r**2 - 5*r + 4. Let g be o(5). Suppose -55 = -2*c + g. Let a be (-4 + -1)*1 + 11. What is the greatest common factor of a and c?
6
Let r be (6/(-8))/((-6)/432). Calculate the greatest common divisor of r and 27.
27
Suppose -3*h + 4*g = -2*h - 175, 3*g + 3 = 0. What is the highest common factor of h and 19?
19
Let v be (120/9)/(4/6). Calculate the greatest common divisor of v and 20.
20
Suppose 5*f + 31*f - 1980 = 0. Let h be (22/5)/((-1)/(-5)). Calculate the highest common divisor of f and h.
11
Let w be (-2)/(4/(-15))*-4. Let f be (-1)/(-3) + (-1610)/w. Calculate the highest common divisor of 6 and f.
6
Suppose s = -0*s + b + 11, -5*s + 58 = -4*b. Calculate the greatest common factor of s and 14.
14
Let z = -2 + 2. Suppose 5*k + z*k - 2*h = 40, 5*h = k - 31. What is the greatest common factor of k and 2?
2
Let s be 147/9 - 12/(-18). Calculate the highest common factor of 34 and s.
17
Let m = -277 + 727. Calculate the highest common factor of m and 45.
45
Let p be (8/10)/(6/75). Suppose -2*s + p = -22. Calculate the greatest common divisor of s and 32.
16
Suppose 0 = -2*n + 8 + 6. Suppose j = -4 + n. Suppose 3 = -d + 4*z, 2*d - 1 - j = 3*z. Calculate the greatest common factor of 55 and d.
5
Suppose -2*o - 196 = -4*r, -4*r - 2*o + 212 = -0*r. What is the greatest common factor of r and 34?
17
Suppose 5*k = -5 + 35. Suppose 0 = k*y - 3*y - 24. Let r(c) = 15*c - 3. Let w be r(5). Calculate the highest common factor of w and y.
8
Let a = 1 + -3. Let i(y) be the second derivative of 2*y**4 + y**2 + 2*y. Let d be i(a). Calculate the greatest common divisor of 14 and d.
14
Let m(p) = -16*p - 5. Let o = -3 + 13. Suppose 5*h - 3*h + o = 0. Let r be m(h). What is the highest common divisor of 30 and r?
15
Let g = 17 + 3. Calculate the highest common divisor of 80 and g.
20
Suppose -4*w + 13 = -7. Let k = w - -1. Calculate the highest common factor of k and 2.
2
Let o = 12 - 4. Suppose -2*b + 11 = s, -3*s = -5*b + o + 3. Suppose -b*d + 20 = -0*d. Calculate the highest common factor of 2 and d.
1
Suppose 4*z = 5*v - 175, 3*z - z + 68 = 2*v. Calculate the greatest common divisor of v and 26.
13
Let a = 42 + -29. Suppose 10 = -2*p - 2*d, 0 = 5*p - 3*d - 2 - a. Suppose p = -3*h + 27 + 6. Calculate the highest common factor of h and 33.
11
Suppose -4*z = -z. Suppose -3*n - 40 = y - 12, 3*n - 6 = z. Let v = -2 - y. What is the greatest common factor of 8 and v?
8
Let a be ((-12)/10)/(1/(-5)). Let n = -132 - -186. Calculate the highest common divisor of n and a.
6
Let w(g) = g**